32914281 prime?
False
Is 4332459277 composite?
False
Is 1523176333 composite?
True
Is 1044226189 prime?
True
Is 602510977 a prime number?
True
Is 22357497871 a composite number?
False
Is 3239932841 a prime number?
True
Is 29507833763 a composite number?
False
Is 3658803037 a composite number?
True
Is 4085860351 a composite number?
True
Is 2725737043 prime?
False
Is 1018711849 composite?
False
Is 168955007791 a prime number?
False
Is 1038456521 prime?
False
Is 106929362 a prime number?
False
Is 2027975657 a prime number?
True
Is 13761993439 a composite number?
False
Is 367141397 composite?
True
Is 1452256831 a composite number?
True
Is 121461804859 a prime number?
True
Is 29548958347 a composite number?
False
Is 45388046653 a prime number?
False
Is 246609821 a composite number?
True
Is 74054147 a prime number?
False
Is 26924133343 prime?
False
Is 7854067862 a composite number?
True
Is 185403637 a prime number?
True
Is 51638301151 a composite number?
False
Is 2127837869 composite?
False
Is 105593593 prime?
False
Is 114905064881 a prime number?
False
Is 51870476401 a composite number?
False
Is 1965840743 a prime number?
False
Is 942610331 a prime number?
False
Is 48262735501 prime?
False
Is 509095739 a composite number?
False
Is 1823286029 a prime number?
False
Is 491723119 composite?
False
Is 58946093 a prime number?
False
Is 811081045 a prime number?
False
Is 277377869 composite?
True
Is 192330626869 prime?
True
Is 899377807 a prime number?
True
Is 386314249 a composite number?
True
Is 1770477391 a prime number?
True
Is 108167357609 composite?
False
Is 519527251 a prime number?
True
Is 752650193 a composite number?
False
Is 230322623 composite?
False
Is 81498975589 composite?
False
Is 13704532883 a prime number?
True
Is 6657957727 composite?
False
Is 576770483 a prime number?
False
Is 8554769099 composite?
False
Is 108360418721 composite?
False
Is 989499763 composite?
True
Is 81078594677 a composite number?
False
Is 24348871711 a prime number?
True
Is 1542453149 a prime number?
False
Is 2991647239 a prime number?
False
Is 125978198431 a prime number?
False
Is 458412155 a prime number?
False
Is 11269638619 a prime number?
True
Is 61026579041 a prime number?
True
Is 194039627 prime?
True
Is 16157120327 a composite number?
True
Is 1730778271 a prime number?
False
Is 593124001 prime?
True
Is 9540574387 a prime number?
True
Is 1233145813 a composite number?
True
Is 1369500763 a prime number?
True
Is 308413832701 prime?
False
Is 3118175549 a prime number?
True
Is 3091877981 a composite number?
False
Is 1353499501 a composite number?
False
Is 136621819 a prime number?
True
Is 47017661987 composite?
True
Is 28825833913 prime?
False
Is 902891117 a composite number?
True
Is 2179462786 composite?
True
Is 25067955559 a prime number?
True
Is 1646200139 prime?
True
Is 188424371 composite?
False
Is 2193214171 composite?
False
Is 907382559 a prime number?
False
Is 35422260707 composite?
True
Is 5351410599 a composite number?
True
Is 18696016301 composite?
False
Is 782788291 a prime number?
True
Is 9513346783 a prime number?
True
Is 21490828831 a prime number?
False
Is 16551595693 prime?
True
Is 3355847323 composite?
True
Is 914650601 a composite number?
False
Is 4220069929 a prime number?
True
Is 2496451042 prime?
False
Is 121066170622 prime?
False
Is 1886498647 a composite number?
True
Is 178767233 prime?
True
Is 4707648293 composite?
True
Is 17677879 a composite number?
True
Is 76954151941 composite?
False
Is 1056547829 composite?
True
Is 2310482929 composite?
False
Is 843865513 a prime number?
True
Is 952387439 a composite number?
False
Is 327512093 a prime number?
False
Is 2211462677 prime?
False
Is 6669009337 prime?
True
Is 3575934263 composite?
True
Is 31963392803 a composite number?
True
Is 40894541789 composite?
True
Is 23752343117 a composite number?
True
Is 3235610141 prime?
True
Is 213290926 a composite number?
True
Is 81202624369 composite?
True
Is 8174283261 a prime number?
False
Is 60742674331 prime?
True
Is 12932438587 prime?
True
Is 29465067293 composite?
True
Is 4723783469 a composite number?
False
Is 3769805929 a prime number?
True
Is 927918137 prime?
False
Is 20409275519 a composite number?
False
Is 40044396089 composite?
False
Is 865634691 prime?
False
Is 2635618483 a prime number?
False
Is 4669838029 composite?
True
Is 3905199131 composite?
True
Is 2226869837 composite?
True
Is 61892617 a composite number?
True
Is 199427581 a prime number?
True
Is 83388648061 a composite number?
True
Is 627261263 prime?
False
Is 19579865777 a composite number?
False
Is 36793631737 a composite number?
True
Is 31033714097 a composite number?
False
Is 336056221 a prime number?
False
Is 344840233443 composite?
True
Is 652152043 composite?
False
Is 881588782 prime?
False
Is 1282472003 prime?
True
Is 1513282159 composite?
True
Is 22769041 a composite number?
False
Is 517629373 prime?
True
Is 1858119019 prime?
True
Is 31308576107 prime?
False
Is 1221665051 composite?
False
Is 2904042559 a composite number?
True
Is 5136127099 a prime number?
False
Is 6568099999 a composite number?
False
Is 15632519719 prime?
True
Is 41006452229 a prime number?
False
Is 399755263 prime?
True
Is 790501433 a prime number?
False
Is 82247133089 composite?
True
Is 1394521829 a prime number?
False
Is 14888222417 a composite number?
True
Is 1621417309 composite?
False
Is 62367206471 prime?
True
Is 14695289801 prime?
False
Is 962406167 a composite number?
False
Is 405322871 a composite number?
False
Is 134323481041 prime?
True
Is 9970829917 prime?
False
Is 246262303 prime?
False
Is 2614482161 a prime number?
True
Is 49147639087 prime?
True
Is 194494121 prime?
False
Is 224503919 prime?
False
Is 17706671341 a prime number?
False
Is 553420739 a composite number?
False
Is 75434416385 prime?
False
Is 1843163587 a prime number?
True
Is 2970496103 a composite number?
False
Is 26344103 a prime number?
True
Is 33482585 a composite number?
True
Is 6104030461 a prime number?
False
Is 2770497511 a prime number?
True
Is 8183524973 a prime number?
False
Is 67948008467 a composite number?
True
Is 43475690611 a prime number?
False
Is 29666843441 composite?
True
Is 2562357247 a composite number?
False
Is 35436785369 a prime number?
True
Is 87131287279 prime?
True
Is 9259151537 prime?
False
Is 8699655193 a prime number?
True
Is 536080127 a composite number?
True
Is 2096459951 prime?
True
Is 28004871319 prime?
False
Is 14279942099 composite?
False
Is 103115961581 a composite number?
False
Is 13422674987 a prime number?
False
Is 23778125691 a prime number?
False
Is 282784741 composite?
False
Is 96853481 a composite number?
False
Is 8594395297 a prime number?
False
Is 20217946807 a composite number?
True
Is 7014968569 a prime number?
False
Is 4655131901 a composite number?
True
Is 40267603939 prime?
False
Is 101526629683 a prime number?
True
Is 80298421453 prime?
False
Is 182317253 a composite number?
False
Is 388734811 a prime number?
True
Is 16481661499 composite?
False
Is 910286581 composite?
False
Is 2348127827 a composite number?
True
Is 111836830043 a composite number?
False
Is 3608454203 a prime number?
True
Is 52181111791 composite?
True
Is 183401861 prime?
False
Is 347192311 composite?
True
Is 699415271 composite?
False
Is 78474897091 prime?
True
Is 13273054187 prime?
False
Is 785853161 a prime number?
True
Is 2072403077 prime?
True
Is 97898617 a composite number?
True
Is 623282053 composite?
True
Is 1657441487 composite?
True
Is 21311875729 a composite number?
False
Is 28065391087 composite?
False
Is 88823122567 prime?
True
Is 171914513 prime?
True
Is 3681873805 composite?
True
Is 14058463711 composite?
False
Is 1558388009 a composite number?
False
Is 1169378477 composite?
False
Is 41097538459 a prime number?
False
Is 502745701 composite?
True
Is 23880394661 prime?
True
Is 6252975631 a composite number?
True
Is 616491353 a composite number?
False
Is 161914177 a composite number?
False
Is 5605620107 prime?
False
Is 683713361 a prime number?
False
Is 703267871 a composite number?
False
Is 312832519 composite?
False
Is 7907351 a prime number?
True
Is 841389719 a prime number?
False
Is 42173218201 a prime number?
True
Is 211789966721 prime?
True
Is 12268912847 composite?
False
Is 2228717 a composite